{"id":1220,"date":"2018-03-08T13:16:08","date_gmt":"2018-03-08T12:16:08","guid":{"rendered":"http:\/\/www.norsknum.org\/?page_id=1220"},"modified":"2018-03-08T13:20:45","modified_gmt":"2018-03-08T12:20:45","slug":"auksjon-mars-2018","status":"publish","type":"page","link":"https:\/\/www.norsknum.org\/?page_id=1220","title":{"rendered":"Auksjon &#8211; Mars 2018"},"content":{"rendered":"<p>Medlemmer kan sende skriftlige bud til gunnar@oslomyntgalleri.no. Bud m\u00e5 v\u00e6re innsendt senest dagen f\u00f8r auksjonen.<\/p>\n<hr \/>\n<dl class=\"dl-horizontal\">\n<dt><\/dt>\n<dt><strong><strong>AUKSJON N.N.F. &#8211; Tirsdag 20. Mars 2018<\/strong><\/strong><\/dt>\n<\/dl>\n<table class=\"auksjonstabell\">\n<tbody>\n<tr>\n<td>Lot.<\/td>\n<td>Beskrivelse<\/td>\n<td>Ref.<\/td>\n<td>Kval.<\/td>\n<td>Utrop<\/td>\n<td>Hammerslag<\/td>\n<\/tr>\n<tr>\n<td>1<\/td>\n<td>Makedonia, Interregnum \u00c617<\/td>\n<td>S.6782<\/td>\n<td>1<\/td>\n<td>120<\/td>\n<td><\/td>\n<\/tr>\n<tr>\n<td>2<\/td>\n<td>Makedonia, Philippi, Claudius \u00c627<\/td>\n<td>S.428<\/td>\n<td>1<\/td>\n<td>200<\/td>\n<td><\/td>\n<\/tr>\n<tr>\n<td>3<\/td>\n<td>Aitolia \u00c617<\/td>\n<td>S.2322var<\/td>\n<td>1<\/td>\n<td>80<\/td>\n<td><\/td>\n<\/tr>\n<tr>\n<td>4<\/td>\n<td>Ionia, Ephesos cistophor<\/td>\n<td>S.4394var<\/td>\n<td>1,mont.spor<\/td>\n<td>225<\/td>\n<td><\/td>\n<\/tr>\n<tr>\n<td>5<\/td>\n<td>Caria, Hekatomnos drachm, testmerke<\/td>\n<td>S.4951<\/td>\n<td>1<\/td>\n<td>150<\/td>\n<td><\/td>\n<\/tr>\n<tr>\n<td>6<\/td>\n<td>Seleukid Syria, Alexander I. \u00c618<\/td>\n<td>S.7040<\/td>\n<td>1\/1+<\/td>\n<td>100<\/td>\n<td><\/td>\n<\/tr>\n<tr>\n<td>7<\/td>\n<td>Syria, Antiochia, Philip I. Tetradrachm<\/td>\n<td>S.3958var<\/td>\n<td>1\/1+<\/td>\n<td>350<\/td>\n<td><\/td>\n<\/tr>\n<tr>\n<td>8<\/td>\n<td>Parthia, Phrates IV. Drachm, mont.spor<\/td>\n<td>S.7472<\/td>\n<td>1<\/td>\n<td>150<\/td>\n<td><\/td>\n<\/tr>\n<tr>\n<td>9<\/td>\n<td>Alexandria, Nero tetradrachm<\/td>\n<td>S.636<\/td>\n<td>1\/1+<\/td>\n<td>450<\/td>\n<td><\/td>\n<\/tr>\n<tr>\n<td>10<\/td>\n<td>Karthago lot 2 stk. kobbermynt<\/td>\n<td>S.6444,6526<\/td>\n<td>1+<\/td>\n<td>125<\/td>\n<td><\/td>\n<\/tr>\n<tr>\n<td>11<\/td>\n<td>Rom,C.Cur.Trig denar<\/td>\n<td>S.117<\/td>\n<td>1\/1+<\/td>\n<td>350<\/td>\n<td><\/td>\n<\/tr>\n<tr>\n<td>12<\/td>\n<td>Rom,Vespasian As<\/td>\n<td>S.2356<\/td>\n<td>1-<\/td>\n<td>150<\/td>\n<td><\/td>\n<\/tr>\n<tr>\n<td>13<\/td>\n<td>Rom,Trajan denar<\/td>\n<td>S.3136<\/td>\n<td>1+<\/td>\n<td>350<\/td>\n<td><\/td>\n<\/tr>\n<tr>\n<td>14<\/td>\n<td>Rom, Marcus Aurelius denar<\/td>\n<td>S.4794<\/td>\n<td>1\/1+<\/td>\n<td>300<\/td>\n<td><\/td>\n<\/tr>\n<tr>\n<td>15<\/td>\n<td>Rom, Gordian III. Antonian, 2 stk. sesterts<\/td>\n<td>S.8650,8702<\/td>\n<td>1<\/td>\n<td>250<\/td>\n<td><\/td>\n<\/tr>\n<tr>\n<td>16<\/td>\n<td>Rom, Gallienus, antoninian<\/td>\n<td>S.10190<\/td>\n<td>1\/1+<\/td>\n<td>150<\/td>\n<td><\/td>\n<\/tr>\n<tr>\n<td>17<\/td>\n<td>Rom, Postumus sesterts<\/td>\n<td>S.11065<\/td>\n<td>1<\/td>\n<td>700<\/td>\n<td><\/td>\n<\/tr>\n<tr>\n<td>18<\/td>\n<td>Rom, Galerius Follis<\/td>\n<td>S.14517<\/td>\n<td>1+<\/td>\n<td>100<\/td>\n<td><\/td>\n<\/tr>\n<tr>\n<td>19<\/td>\n<td>Rom, Valens \u00c63<\/td>\n<td>S.19745<\/td>\n<td>1<\/td>\n<td>40<\/td>\n<td><\/td>\n<\/tr>\n<tr>\n<td>20<\/td>\n<td>Bysants, Constans II. 1\/2 follis<\/td>\n<td>S.1020<\/td>\n<td>1<\/td>\n<td>60<\/td>\n<td><\/td>\n<\/tr>\n<tr>\n<td>21<\/td>\n<td>Norge skilling 1819<\/td>\n<td><\/td>\n<td>1+<\/td>\n<td>400<\/td>\n<td><\/td>\n<\/tr>\n<tr>\n<td>22<\/td>\n<td>Norge 5 \u00f8re 1875, merket Korset Huset<\/td>\n<td><\/td>\n<td>1<\/td>\n<td>200<\/td>\n<td><\/td>\n<\/tr>\n<tr>\n<td>23<\/td>\n<td>Norge 2 kroner jub., 2 kroner 1917, Sverige 2 kroner 1939 (3)<\/td>\n<td><\/td>\n<td>1\/1+<\/td>\n<td>225<\/td>\n<td><\/td>\n<\/tr>\n<tr>\n<td>24<\/td>\n<td>Danmark skilling 1722<\/td>\n<td><\/td>\n<td>1\/1+<\/td>\n<td>80<\/td>\n<td><\/td>\n<\/tr>\n<tr>\n<td>25<\/td>\n<td>Danmark Krone 1924<\/td>\n<td>s.3.1<\/td>\n<td>1-<\/td>\n<td>300<\/td>\n<td><\/td>\n<\/tr>\n<tr>\n<td>26<\/td>\n<td>Sverige 5 kroner 1952 jub.<\/td>\n<td><\/td>\n<td>1<\/td>\n<td>80<\/td>\n<td><\/td>\n<\/tr>\n<tr>\n<td>27<\/td>\n<td>Russland, Ivan IV. Kopek, Pskov, Sp 80\/10<\/td>\n<td><\/td>\n<td>1\/1+<\/td>\n<td>200<\/td>\n<td><\/td>\n<\/tr>\n<tr>\n<td>28<\/td>\n<td>Russland 3 kopek 1842<\/td>\n<td><\/td>\n<td>1\/1+<\/td>\n<td>100<\/td>\n<td><\/td>\n<\/tr>\n<tr>\n<td>29<\/td>\n<td>Sovjetunion Rubel 1921<\/td>\n<td><\/td>\n<td>1+<\/td>\n<td>300<\/td>\n<td><\/td>\n<\/tr>\n<tr>\n<td>30<\/td>\n<td>England 2 florin 1887<\/td>\n<td><\/td>\n<td>1\/1+<\/td>\n<td>150<\/td>\n<td><\/td>\n<\/tr>\n<tr>\n<td>31<\/td>\n<td>England Crown 1844<\/td>\n<td><\/td>\n<td>1\/1-<\/td>\n<td>200<\/td>\n<td><\/td>\n<\/tr>\n<tr>\n<td>32<\/td>\n<td>Danzig Gulden 1923<\/td>\n<td><\/td>\n<td>1+\/01<\/td>\n<td>300<\/td>\n<td><\/td>\n<\/tr>\n<tr>\n<td>33<\/td>\n<td>Frankrike Lot 7 mynt 1845-95<\/td>\n<td><\/td>\n<td>VK<\/td>\n<td>300<\/td>\n<td><\/td>\n<\/tr>\n<tr>\n<td>34<\/td>\n<td>Portugal 50 cent 1914<\/td>\n<td><\/td>\n<td>1+<\/td>\n<td>100<\/td>\n<td><\/td>\n<\/tr>\n<tr>\n<td>35<\/td>\n<td>Omayyad, arab-bysantin Falus ca 670, Hims<\/td>\n<td>SyllAshm532<\/td>\n<td>1-<\/td>\n<td>200<\/td>\n<td><\/td>\n<\/tr>\n<tr>\n<td>36<\/td>\n<td>Omayyad Dirham AH 96 (715), Wasit<\/td>\n<td>W297<\/td>\n<td>1\/1+<\/td>\n<td>200<\/td>\n<td><\/td>\n<\/tr>\n<tr>\n<td>37<\/td>\n<td>Seljuk Runs, Kay Khusraw III. 1265-84 dirham, Lulua<\/td>\n<td>Alb1232<\/td>\n<td>1<\/td>\n<td>100<\/td>\n<td><\/td>\n<\/tr>\n<tr>\n<td>38<\/td>\n<td>Kwarezm Shah, Muhammad dirham 614 (1217), Ghazna<\/td>\n<td>Alb1720<\/td>\n<td>1<\/td>\n<td>200<\/td>\n<td><\/td>\n<\/tr>\n<tr>\n<td>39<\/td>\n<td>Muzaflorid Persia, Shah Shuja 1358-84 2 dinar, Kirman<\/td>\n<td>Alb2282.7<\/td>\n<td>1<\/td>\n<td>80<\/td>\n<td><\/td>\n<\/tr>\n<tr>\n<td>40<\/td>\n<td>Persia, Tamasp 1524-76 Shahi, Herat<\/td>\n<td>M2043<\/td>\n<td>1<\/td>\n<td>80<\/td>\n<td><\/td>\n<\/tr>\n<tr>\n<td>41<\/td>\n<td>Kushan India, Kanishka 232-60 drachm<\/td>\n<td>G802<\/td>\n<td>1<\/td>\n<td>100<\/td>\n<td><\/td>\n<\/tr>\n<tr>\n<td>42<\/td>\n<td>Vest Satrup India, Vijaysena 238-50 drachm<\/td>\n<td>P854<\/td>\n<td>1+<\/td>\n<td>200<\/td>\n<td><\/td>\n<\/tr>\n<tr>\n<td>43<\/td>\n<td>Kashmir, Toramana etterf.570-855, stater<\/td>\n<td>M158<\/td>\n<td>1+<\/td>\n<td>80<\/td>\n<td><\/td>\n<\/tr>\n<tr>\n<td>44<\/td>\n<td>Dehli, Mahmud 1246-66, Tanka<\/td>\n<td>66138<\/td>\n<td>1+<\/td>\n<td>100<\/td>\n<td><\/td>\n<\/tr>\n<tr>\n<td>45<\/td>\n<td>Dehli, Islam Shah 1545-52 Paisa<\/td>\n<td>GG1050<\/td>\n<td>1<\/td>\n<td>80<\/td>\n<td><\/td>\n<\/tr>\n<tr>\n<td>46<\/td>\n<td>Ladakh Jan u.\u00e5r (1842-50)<\/td>\n<td>KM7.3<\/td>\n<td>1+<\/td>\n<td>400<\/td>\n<td><\/td>\n<\/tr>\n<tr>\n<td>47<\/td>\n<td>Kina, Nord Qi dyn 550-77,WuZhu cash<\/td>\n<td>S.542<\/td>\n<td>1+<\/td>\n<td>100<\/td>\n<td><\/td>\n<\/tr>\n<tr>\n<td>48<\/td>\n<td>Kina,Wang Mang 7-23 Wu Shi Cash<\/td>\n<td>DH9.1<\/td>\n<td>1\/1+<\/td>\n<td>80<\/td>\n<td><\/td>\n<\/tr>\n<tr>\n<td>49<\/td>\n<td>Kina, 1.\u00e5rh Wu Zhu cash<\/td>\n<td>DH10.2<\/td>\n<td>1<\/td>\n<td>80<\/td>\n<td><\/td>\n<\/tr>\n<tr>\n<td>50<\/td>\n<td>Kina,Lot 6 eldre mynt<\/td>\n<td><\/td>\n<td>VK<\/td>\n<td>60<\/td>\n<td><\/td>\n<\/tr>\n<\/tbody>\n<\/table>\n<div class='sfsi_Sicons' style='width: 100%; display: inline-block; vertical-align: middle; text-align:left'><div style='margin:0px 8px 0px 0px; line-height: 24px'><span>F\u00f8lg og lik! =)<\/span><\/div><div class='sfsi_socialwpr'><div class='sf_subscrbe' style='text-align:left;vertical-align: middle;float:left;width:64px'><a href=\"http:\/\/www.specificfeeds.com\/widgets\/emailSubscribeEncFeed\/bzdLMEVQczltUDF5SThnYlJHcG9jRktNMFpMTjRGN1Z0bC92QTRKc25OSHVyNnpuV29SdXVKeitQbEx4WVAyYUFvam1MTm1naHlGc28rSDd3ajBPNk1Xc2RkVVZmWVNQdVlsQTU2ZThWa3pxRTNMbGxRd0tCenA1ZTZEaW1XNlZ8VU1TSXBhcURwV2RaeGxqSjZmOStHcHVSNXVpbVMrUnRnZTdDZjBoWTYvYz0=\/OA==\/\" target=\"_blank\"><img src=\"https:\/\/www.norsknum.org\/wp-content\/plugins\/ultimate-social-media-icons\/images\/follow_subscribe.png\" \/><\/a><\/div><div class='sf_fb' style='text-align:left;vertical-align: middle;width:98px'><div class=\"fb-like\" href=\"https:\/\/www.norsknum.org\/?page_id=1220\" width=\"180\" send=\"false\" showfaces=\"false\"  action=\"like\" data-share=\"true\"data-layout=\"button\" ><\/div><\/div><div class='sf_twiter' style='text-align:left;float:left;vertical-align: middle;width:auto'><a href=\"http:\/\/twitter.com\/share\" data-count=\"none\" class=\"sr-twitter-button twitter-share-button\" lang=\"en\" data-url=\"https:\/\/www.norsknum.org\/?page_id=1220\" data-text=\"Auksjon &#8211; Mars 2018\" ><\/a><\/div><\/div><\/div>","protected":false},"excerpt":{"rendered":"<p>Medlemmer kan sende skriftlige bud til gunnar@oslomyntgalleri.no. Bud m\u00e5 v\u00e6re innsendt senest dagen f\u00f8r auksjonen. AUKSJON N.N.F. &#8211; Tirsdag 20. Mars 2018 Lot. Beskrivelse Ref. Kval. Utrop Hammerslag 1 Makedonia, Interregnum \u00c617 S.6782 1 120 2 Makedonia, Philippi, Claudius \u00c627&hellip; <\/p>\n","protected":false},"author":1,"featured_media":0,"parent":42,"menu_order":0,"comment_status":"closed","ping_status":"closed","template":"","meta":[],"_links":{"self":[{"href":"https:\/\/www.norsknum.org\/index.php?rest_route=\/wp\/v2\/pages\/1220"}],"collection":[{"href":"https:\/\/www.norsknum.org\/index.php?rest_route=\/wp\/v2\/pages"}],"about":[{"href":"https:\/\/www.norsknum.org\/index.php?rest_route=\/wp\/v2\/types\/page"}],"author":[{"embeddable":true,"href":"https:\/\/www.norsknum.org\/index.php?rest_route=\/wp\/v2\/users\/1"}],"replies":[{"embeddable":true,"href":"https:\/\/www.norsknum.org\/index.php?rest_route=%2Fwp%2Fv2%2Fcomments&post=1220"}],"version-history":[{"count":2,"href":"https:\/\/www.norsknum.org\/index.php?rest_route=\/wp\/v2\/pages\/1220\/revisions"}],"predecessor-version":[{"id":1224,"href":"https:\/\/www.norsknum.org\/index.php?rest_route=\/wp\/v2\/pages\/1220\/revisions\/1224"}],"up":[{"embeddable":true,"href":"https:\/\/www.norsknum.org\/index.php?rest_route=\/wp\/v2\/pages\/42"}],"wp:attachment":[{"href":"https:\/\/www.norsknum.org\/index.php?rest_route=%2Fwp%2Fv2%2Fmedia&parent=1220"}],"curies":[{"name":"wp","href":"https:\/\/api.w.org\/{rel}","templated":true}]}}