{"id":71,"date":"2014-06-06T20:36:09","date_gmt":"2014-06-06T18:36:09","guid":{"rendered":"http:\/\/norsknum.org\/ny\/?page_id=71"},"modified":"2025-07-09T13:10:42","modified_gmt":"2025-07-09T11:10:42","slug":"gradering","status":"publish","type":"page","link":"https:\/\/www.norsknum.org\/?page_id=71","title":{"rendered":"Kvalitet &#038; gradering"},"content":{"rendered":"\n<p>Kvalitet, ofte forkortet \u00abkv.\u00bb, viser til bevaringsgraden og slitasjen p\u00e5 en mynt. Det beskriver hvor n\u00e6r mynten er sin opprinnelige tilstand, fra nypreget og n\u00e6rmest perfekt, til s\u00e5 nedslitt at den knapt lenger er gjenkjennelig som mynt. Kvalitet er en sentral del av vurderingen av en mynts verdi og noe av det viktigste som skiller mynter fra hverandre.<\/p>\n\n\n\n<p>Et godt tips for \u00e5 s\u00f8rge for at mynten holder sin kvalitet er \u00e5 aldri direkte ta p\u00e5 myntens overflate dersom du skal holde den. Istedenfor b\u00f8r en forsiktig holde mynten langs randen\/kanten. \u00c5 ta direkte p\u00e5 overflaten kan medf\u00f8re permanente fingeravtrykk p\u00e5 myntoverflaten.<\/p>\n\n\n\n<p>Det er flere ulike skalaer for kvalitetsvurdering i bruk av samlere rundt om i verden. Den amerikanske skalaen (ogs\u00e5 kjent som Sheldon-skalaen) brukes av amerikanske graderingsselskaper, som NGC og PCGS, n\u00e5r de vurderer kvaliteten til en mynt. For slike mynter er det \u00abgrad\u00bb og \u00abgradering\u00bb som brukes som begrep fremfor bare \u00abkvalitet\u00bb. Graderte mynter har de siste \u00e5rene blitt gradvis mer vanlig i Norge, og det er derfor lurt \u00e5 v\u00e6re kjent med den amerikanske skalaen. Nedenfor finner du en oversikt over og sammenligning mellom den norske, internasjonale og amerikanske skalaen, med korte og presise beskrivelser av de ulike trinnene (kvalitetene), samt hva de inneb\u00e6rer. V\u00e6r ogs\u00e5 oppmerksom p\u00e5 det som kalles proof-mynter. Dette er ikke en kvalitet, men beskriver en spesielt produsert mynt som er feilfri og produsert med flere slag, og gjerne med mattet relieff.<\/p>\n\n\n\n<figure class=\"wp-block-image size-large is-style-default\"><a href=\"https:\/\/www.norsknum.org\/wp-content\/uploads\/2025\/07\/Kvalitetsoversikt-1.png\"><img decoding=\"async\" loading=\"lazy\" width=\"1024\" height=\"570\" src=\"https:\/\/www.norsknum.org\/wp-content\/uploads\/2025\/07\/Kvalitetsoversikt-1-1024x570.png\" alt=\"\" class=\"wp-image-3676\" srcset=\"https:\/\/www.norsknum.org\/wp-content\/uploads\/2025\/07\/Kvalitetsoversikt-1-1024x570.png 1024w, https:\/\/www.norsknum.org\/wp-content\/uploads\/2025\/07\/Kvalitetsoversikt-1-300x167.png 300w, https:\/\/www.norsknum.org\/wp-content\/uploads\/2025\/07\/Kvalitetsoversikt-1-768x427.png 768w, https:\/\/www.norsknum.org\/wp-content\/uploads\/2025\/07\/Kvalitetsoversikt-1-1536x854.png 1536w, https:\/\/www.norsknum.org\/wp-content\/uploads\/2025\/07\/Kvalitetsoversikt-1-2048x1139.png 2048w\" sizes=\"(max-width: 1024px) 100vw, 1024px\" \/><\/a><figcaption class=\"wp-element-caption\"><em><sub>I oversikten er det angitt intervaller for noen av kvalitetene og graderingene. Innenfor hvert intervall avgj\u00f8res det av hvorvidt mynten befinner seg i det \u00f8vre eller nedre sjiktet av beskrivelsen. Trykk p\u00e5 bildet for \u00e5 kunne zoome inn med h\u00f8yere bildeoppl\u00f8sning. Oversikten er utformet av Tor Martin Syvertsen.<\/sub><\/em><\/figcaption><\/figure>\n\n\n\n<p>Kvalitetsvurdering av mynt er ikke noe en fullt ut kan l\u00e6re bare ved \u00e5 lese. Det handler om mengdetrening og erfaring. Den beste m\u00e5ten \u00e5 f\u00e5 dette p\u00e5 er ved \u00e5 studere faktiske mynter med ulik slitasje og bevaringsgrad og sammenligne dette med kvaliteten satt av profesjonelle mynthandlere og auksjonshus.<\/p>\n\n\n\n<p class=\"has-small-font-size\">\u00d8<em>nsker du \u00e5 lese mer om amerikansk gradering og dets historie? Les gjerne artikkelen om emnet i Norsk Numismatisk Tidsskrift andre utgave 2025 <\/em><a href=\"https:\/\/en.numista.com\/literature\/article.php?id=1318\" target=\"_blank\" rel=\"noreferrer noopener\">her<\/a><em>.<\/em><\/p>\n<div class='sfsi_Sicons' style='width: 100%; display: inline-block; vertical-align: middle; text-align:left'><div style='margin:0px 8px 0px 0px; line-height: 24px'><span>F\u00f8lg og lik! =)<\/span><\/div><div class='sfsi_socialwpr'><div class='sf_subscrbe' style='text-align:left;vertical-align: middle;float:left;width:64px'><a href=\"http:\/\/www.specificfeeds.com\/widgets\/emailSubscribeEncFeed\/bzdLMEVQczltUDF5SThnYlJHcG9jRktNMFpMTjRGN1Z0bC92QTRKc25OSHVyNnpuV29SdXVKeitQbEx4WVAyYUFvam1MTm1naHlGc28rSDd3ajBPNk1Xc2RkVVZmWVNQdVlsQTU2ZThWa3pxRTNMbGxRd0tCenA1ZTZEaW1XNlZ8VU1TSXBhcURwV2RaeGxqSjZmOStHcHVSNXVpbVMrUnRnZTdDZjBoWTYvYz0=\/OA==\/\" target=\"_blank\"><img src=\"https:\/\/www.norsknum.org\/wp-content\/plugins\/ultimate-social-media-icons\/images\/follow_subscribe.png\" \/><\/a><\/div><div class='sf_fb' style='text-align:left;vertical-align: middle;width:98px'><div class=\"fb-like\" href=\"https:\/\/www.norsknum.org\/?page_id=71\" width=\"180\" send=\"false\" showfaces=\"false\"  action=\"like\" data-share=\"true\"data-layout=\"button\" ><\/div><\/div><div class='sf_twiter' style='text-align:left;float:left;vertical-align: middle;width:auto'><a href=\"http:\/\/twitter.com\/share\" data-count=\"none\" class=\"sr-twitter-button twitter-share-button\" lang=\"en\" data-url=\"https:\/\/www.norsknum.org\/?page_id=71\" data-text=\"Kvalitet &#038; gradering\" ><\/a><\/div><\/div><\/div>","protected":false},"excerpt":{"rendered":"<p>Kvalitet, ofte forkortet \u00abkv.\u00bb, viser til bevaringsgraden og slitasjen p\u00e5 en mynt. Det beskriver hvor n\u00e6r mynten er sin opprinnelige tilstand, fra nypreget og n\u00e6rmest perfekt, til s\u00e5 nedslitt at den knapt lenger er gjenkjennelig som mynt. Kvalitet er en&hellip; <\/p>\n","protected":false},"author":7,"featured_media":0,"parent":65,"menu_order":0,"comment_status":"closed","ping_status":"open","template":"","meta":[],"_links":{"self":[{"href":"https:\/\/www.norsknum.org\/index.php?rest_route=\/wp\/v2\/pages\/71"}],"collection":[{"href":"https:\/\/www.norsknum.org\/index.php?rest_route=\/wp\/v2\/pages"}],"about":[{"href":"https:\/\/www.norsknum.org\/index.php?rest_route=\/wp\/v2\/types\/page"}],"author":[{"embeddable":true,"href":"https:\/\/www.norsknum.org\/index.php?rest_route=\/wp\/v2\/users\/7"}],"replies":[{"embeddable":true,"href":"https:\/\/www.norsknum.org\/index.php?rest_route=%2Fwp%2Fv2%2Fcomments&post=71"}],"version-history":[{"count":11,"href":"https:\/\/www.norsknum.org\/index.php?rest_route=\/wp\/v2\/pages\/71\/revisions"}],"predecessor-version":[{"id":3682,"href":"https:\/\/www.norsknum.org\/index.php?rest_route=\/wp\/v2\/pages\/71\/revisions\/3682"}],"up":[{"embeddable":true,"href":"https:\/\/www.norsknum.org\/index.php?rest_route=\/wp\/v2\/pages\/65"}],"wp:attachment":[{"href":"https:\/\/www.norsknum.org\/index.php?rest_route=%2Fwp%2Fv2%2Fmedia&parent=71"}],"curies":[{"name":"wp","href":"https:\/\/api.w.org\/{rel}","templated":true}]}}