{"id":744,"date":"2015-02-10T08:23:11","date_gmt":"2015-02-10T07:23:11","guid":{"rendered":"http:\/\/www.norsknum.org\/?page_id=744"},"modified":"2015-02-10T08:23:11","modified_gmt":"2015-02-10T07:23:11","slug":"nr-1-2015","status":"publish","type":"page","link":"https:\/\/www.norsknum.org\/?page_id=744","title":{"rendered":"Nr. 1 2015"},"content":{"rendered":"<div id=\"attachment_745\" style=\"width: 221px\" class=\"wp-caption aligncenter\"><a href=\"https:\/\/www.norsknum.org\/wp-content\/uploads\/2015\/02\/nnt_01_2015.png\"><img aria-describedby=\"caption-attachment-745\" decoding=\"async\" loading=\"lazy\" src=\"https:\/\/www.norsknum.org\/wp-content\/uploads\/2015\/02\/nnt_01_2015-211x300.png\" alt=\"NNT 1 2015\" width=\"211\" height=\"300\" class=\"size-medium wp-image-745\" srcset=\"https:\/\/www.norsknum.org\/wp-content\/uploads\/2015\/02\/nnt_01_2015-211x300.png 211w, https:\/\/www.norsknum.org\/wp-content\/uploads\/2015\/02\/nnt_01_2015.png 479w\" sizes=\"(max-width: 211px) 100vw, 211px\" \/><\/a><p id=\"caption-attachment-745\" class=\"wp-caption-text\">NNT 1 2015<\/p><\/div>\n\n<!-- NOTE: If you need to make changes to this file, copy it to your current theme's main\n\tdirectory so your changes won't be overwritten when the plugin is upgraded. -->\n\n<!-- Post Wrap Start-->\n<div class=\"post hentry ivycat-post\">\n\t\n\t<!-- \tThis outputs the post TITLE -->\n\t<h2 class=\"entry-title\"><a href=\"https:\/\/www.norsknum.org\/?p=752\">Siste greske mynt fra Syrakus?<\/a><\/h2>\n\n\t<!-- \tThis outputs the post EXCERPT.  To display full content including images and html, \n\t\treplace the_excerpt(); with the_content();  below. -->\n\t<div class=\"entry-summary\">\n\t\t<table border=\"0\">\n<tr>\n<td>\n<a href=\"https:\/\/www.norsknum.org\/wp-content\/uploads\/2015\/03\/SicSyracuse214-211-8-litra.jpg\"><img decoding=\"async\" loading=\"lazy\" class=\"alignleft size-medium wp-image-757\" src=\"https:\/\/www.norsknum.org\/wp-content\/uploads\/2015\/03\/SicSyracuse214-211-8-litra-300x300.jpg\" alt=\"Sic,Syracuse214-211 8 litra\" width=\"300\" height=\"300\" srcset=\"https:\/\/www.norsknum.org\/wp-content\/uploads\/2015\/03\/SicSyracuse214-211-8-litra.jpg 300w, https:\/\/www.norsknum.org\/wp-content\/uploads\/2015\/03\/SicSyracuse214-211-8-litra-150x150.jpg 150w, https:\/\/www.norsknum.org\/wp-content\/uploads\/2015\/03\/SicSyracuse214-211-8-litra-230x230.jpg 230w\" sizes=\"(max-width: 300px) 100vw, 300px\" \/><\/a>\n<\/td>\n<td>\n<a href=\"https:\/\/www.norsknum.org\/wp-content\/uploads\/2015\/03\/SicSyr415-12Rev.jpg\"><img decoding=\"async\" loading=\"lazy\" class=\"alignleft size-medium wp-image-758\" src=\"https:\/\/www.norsknum.org\/wp-content\/uploads\/2015\/03\/SicSyr415-12Rev-300x300.jpg\" alt=\"SicSyr415-12Rev\" width=\"300\" height=\"300\" srcset=\"https:\/\/www.norsknum.org\/wp-content\/uploads\/2015\/03\/SicSyr415-12Rev-300x300.jpg 300w, https:\/\/www.norsknum.org\/wp-content\/uploads\/2015\/03\/SicSyr415-12Rev-150x150.jpg 150w, https:\/\/www.norsknum.org\/wp-content\/uploads\/2015\/03\/SicSyr415-12Rev-230x230.jpg 230w, https:\/\/www.norsknum.org\/wp-content\/uploads\/2015\/03\/SicSyr415-12Rev.jpg 600w\" sizes=\"(max-width: 300px) 100vw, 300px\" \/><\/a><\/p>\n<\/td>\n<\/tr>\n<\/table>\n<p>Denne mynten, Sear nr. 999, BMC 656 \u2013 tilh\u00f8rer den siste myntrekken vi kjenner fra gresk Syrakus, som i 212 f.Kr. ble erobret av Roma som ledd i krigf\u00f8ringen mot Hannibal i den annen puniske krig (219-201 f.Kr.).<br \/>\nEkspertene er endog i tvil om mynten ble sl\u00e5tt mens grekerne enda hadde kontroll over byen, eller etter romersk erobring. Mynten har uansett \u201dgresk\u201d motiv, med Arethusa p\u00e5 advers og firspannet som krones av Nike p\u00e5 reversen, et motiv som hadde v\u00e6rt i bruk p\u00e5 syrakusiske mynter i n\u00e6r 300 \u00e5r. Mynten, p\u00e5- lydende 8 litrai, er sjeldent vakker \u2013 mer forseggjort enn noen samtidig romersk mynt. Det er derfor ingen tvil om at mynten er \u201dgresk\u201d. Den er sjelden, Handbook of Greek Coins oppgir den som R2, dvs. f\u00e6rre enn 25 eksemplarer kjent. Fire stykker ble funnet i Ennaskatten (1966) alle med samme advers-stempel, men to forskjellige revers-stempel.<br \/>\nSyrakus\u2019 fall var dramatisk. I den f\u00f8rste puniske krig (264-241 f.Kr.) kom Roma det greske Sicilia til unnsetning, og ryddet \u00f8ya for karthagere. Syrakus beholdt sin autonomi i forst\u00e5else og i allianse med Roma.<br \/>\nS\u00e5 i 219 begynner Hannibal \u00e5 bevege seg, g\u00e5r etter hvert over alpene med elefanter og invaderer Italia fra nord. Han vinner flere slag, men \u201dkatastrofen&#8221; for romerne kom i 216, i slaget ved Cannae, hvor han ved \u201dknipetangsman\u00f8ver\u201d (milit\u00e6rhistoriens f\u00f8rste!) omringer og utsletter en romersk h\u00e6r p\u00e5 mellom 70.000 til 100.000 mann.<br \/>\nHan kunne ha g\u00e5tt mot Roma by, og kildene er uenige om hvorfor han ikke gjorde det. Var det pietet eller en realistisk vurdering av at han ville tape sitt taktiske og strategiske overtak med kamp inne i en by med trange gater?<br \/>\nUansett \u2013 han valgte \u00e5 g\u00e5 utenom Roma og inn i s\u00f8r Italia som han i realiteten behersket (med unntak for mindre enklaver) fra \u00e5r 216. Hannibals suksess fikk f\u00f8lger: mange av dem som hadde erkl\u00e6rt seg som allierte med Roma falt n\u00e5 fra, og land som hadde tapt territorier til Roma s\u00e5 dette som anledningen til \u00e5 ta det tilbake. Syrakus var i en s\u00e6rstilling. Diktatorkonge Hieron II var romernes venn p\u00e5 sin hals, men da han d\u00f8de i 215 syntes hans etterf\u00f8lger Hieronimus at Syrakus\u2019 rolle i den romerske verden var for beskjeden. Hannibal hadde ingen umiddelbare ambisjoner om \u00e5 erobre Sicilia, men han var s\u00e6rdeles interessert i at forsyningene fra Karthago skulle kunne seile i fred forbi et vennligsinnet land. SISTE GRESKE MYNT FRA SYRAKUS? Olav E. Klingenberg Syrakus, 12-litrai 212 f.Kr NNT 1-2015 ANTIKK MYNT31 Han lovet derfor raust at Syrakus skulle f\u00e5 overherred\u00f8mme over hele Sicilia om de skiftet allianse. Og det gjorde de, men gjorde regning uten vert.<br \/>\nRomerne reagerte, landsatte en arme som lett knuste Syrakus\u2019 egen h\u00e6r \u2013 og innledet beleiring av byen. Hieronimus ble avsatt, og erstattet med det \u201dfemte demokrati\u201d i byen, men gi seg ville byen ikke. De hadde geniet Arkimedes, som kunne mer enn \u00e5 beregne legemets oppdrift i vann \u2013 han var en kl\u00f8pper p\u00e5 krigsmaskiner og utspekulerte forsvarsverk \u2013 og det holdt romerne unna i to \u00e5r. Antagelig kunne byen ha holdt lengre, men Roma hadde venner i byen som skal ha \u00e5pnet portene, s\u00e5 i 212 ble det slutt p\u00e5 gresk autonomi i Syrakus. Arkimedes ble drept, til tross for at han var \u00f8nsket i live av den romerske \u00f8verstkommanderende (han \u00f8nsket seg vel en v\u00e5penkonstrukt\u00f8r).<br \/>\nUnder beleiringen blir den siste myntrekken, fra 16 litrai, via nominalene 12, 10, 8, 6, 4, 2 1\/2 til 1 \u00bd litra laget, og trolig en stund etterp\u00e5, romerne synes \u00e5 ha behandlet byen og befolkningen pent etter at de kom innenfor muren. Den 2. puniske krig skulle fortsatt vare i n\u00e6r 12 \u00e5r. Men mens romerne i S\u00f8r-Italia n\u00f8yde seg med \u00e5 plage Hannibals styrker i mindre slag, satte de f\u00f8rst inn hovedst\u00f8tet mot karthagerne i Spania, for s\u00e5 \u00e5 rykke over til byen Karthago. Det tvang Hannibal hjem, og okkupasjonen av S\u00f8r-Italia disintegrerte. Og n\u00e5 skulle ikke romerne lenger ha noen greske kolonier p\u00e5 \u201dsin\u201d jord, de greske byene ble romanisert. Men erobringen av de greske byer i \u201dMagna Grecia\u201d representerer ogs\u00e5 et tidsskifte i romersk kultur, alt gresk ble \u201din\u201d \u2013 og n\u00e5r romerske byggmesterevner ble kombinert med gresk arkitektur &#8211; ble resultatet imponerende godt.<br \/>\nS\u00e5 kanskje kan vi la den lille mynten fra 212 f.Kr. symbolisere \u201dgreki- fiseringen\u201d av romersk kultur? \u00c5ret etter kom den f\u00f8rste denar, modellert etter den greske drakme.<\/p>\n<p>&#8211; Olav E. Klingenberg<\/p>\n<div class='sfsi_Sicons' style='width: 100%; display: inline-block; vertical-align: middle; text-align:left'><div style='margin:0px 8px 0px 0px; line-height: 24px'><span>F\u00f8lg og lik! =)<\/span><\/div><div class='sfsi_socialwpr'><div class='sf_subscrbe' style='text-align:left;vertical-align: middle;float:left;width:64px'><a href=\"http:\/\/www.specificfeeds.com\/widgets\/emailSubscribeEncFeed\/bzdLMEVQczltUDF5SThnYlJHcG9jRktNMFpMTjRGN1Z0bC92QTRKc25OSHVyNnpuV29SdXVKeitQbEx4WVAyYUFvam1MTm1naHlGc28rSDd3ajBPNk1Xc2RkVVZmWVNQdVlsQTU2ZThWa3pxRTNMbGxRd0tCenA1ZTZEaW1XNlZ8VU1TSXBhcURwV2RaeGxqSjZmOStHcHVSNXVpbVMrUnRnZTdDZjBoWTYvYz0=\/OA==\/\" target=\"_blank\"><img src=\"https:\/\/www.norsknum.org\/wp-content\/plugins\/ultimate-social-media-icons\/images\/follow_subscribe.png\" \/><\/a><\/div><div class='sf_fb' style='text-align:left;vertical-align: middle;width:98px'><div class=\"fb-like\" href=\"https:\/\/www.norsknum.org\/?p=752\" width=\"180\" send=\"false\" showfaces=\"false\"  action=\"like\" data-share=\"true\"data-layout=\"button\" ><\/div><\/div><div class='sf_twiter' style='text-align:left;float:left;vertical-align: middle;width:auto'><a href=\"http:\/\/twitter.com\/share\" data-count=\"none\" class=\"sr-twitter-button twitter-share-button\" lang=\"en\" data-url=\"https:\/\/www.norsknum.org\/?p=752\" data-text=\"Siste greske mynt fra Syrakus?\" ><\/a><\/div><\/div><\/div>\t<\/div>\n\n\t<!--\tThis outputs the post META information -->\n\t<div class=\"entry-utility\">\n\t\t\t\t\t<span class=\"cat-links\">\n\t\t\t\t<span class=\"entry-utility-prep entry-utility-prep-cat-links\">Posted in<\/span> <a href=\"https:\/\/www.norsknum.org\/?cat=18\" rel=\"category\">Norsk Numismatisk Tidsskrift<\/a>\t\t\t<\/span>\n\t\t\t<span class=\"meta-sep\">|<\/span>\n\t\t\t\t\t\t\t<span class=\"tag-links\">\n\t\t\t\t<span class=\"entry-utility-prep entry-utility-prep-tag-links\">Tagged<\/span> <a href=\"https:\/\/www.norsknum.org\/?tag=nnt-1-2015\" rel=\"tag\">NNT 1-2015<\/a>\t\t\t<\/span>\n\t\t\t<span class=\"meta-sep\">|<\/span>\n\t\t\t\t<span class=\"comments-link\"><span>Kommentarer er skrudd av<span class=\"screen-reader-text\"> for Siste greske mynt fra Syrakus?<\/span><\/span><\/span>\n\t\t\t<\/div>\n<\/div>\n<!-- \/\/ Post Wrap End -->\n\n<!-- NOTE: If you need to make changes to this file, copy it to your current theme's main\n\tdirectory so your changes won't be overwritten when the plugin is upgraded. -->\n\n<!-- Post Wrap Start-->\n<div class=\"post hentry ivycat-post\">\n\t\n\t<!-- \tThis outputs the post TITLE -->\n\t<h2 class=\"entry-title\"><a href=\"https:\/\/www.norsknum.org\/?p=750\">En beskjeden medalje med stor historie<\/a><\/h2>\n\n\t<!-- \tThis outputs the post EXCERPT.  To display full content including images and html, \n\t\treplace the_excerpt(); with the_content();  below. -->\n\t<div class=\"entry-summary\">\n\t\t<p><a href=\"https:\/\/www.norsknum.org\/wp-content\/uploads\/2015\/03\/Warshava1944IMG_0766.jpg\"><img decoding=\"async\" loading=\"lazy\" src=\"https:\/\/www.norsknum.org\/wp-content\/uploads\/2015\/03\/Warshava1944IMG_0766-290x300.jpg\" alt=\"Warshava1944IMG_0766\" width=\"290\" height=\"300\" class=\"alignleft size-medium wp-image-755\" srcset=\"https:\/\/www.norsknum.org\/wp-content\/uploads\/2015\/03\/Warshava1944IMG_0766-290x300.jpg 290w, https:\/\/www.norsknum.org\/wp-content\/uploads\/2015\/03\/Warshava1944IMG_0766-992x1024.jpg 992w\" sizes=\"(max-width: 290px) 100vw, 290px\" \/><\/a><br \/>\nP\u00e5 NNFs oktoberauksjon ble medaljen p\u00e5 bildet budt ut til en meget rimelig penge. Den er utgitt i 1994 til minne om Warszawaoppstanden 1. august 1944 \u2013 p\u00e5 polsk Powstanie Warszawskie \u2013 derav P\u2019en i ankersymbolet.<br \/>\nSommeren 1944 var Warszawa og det meste av Polen fortsatt besatt av tyske tropper, men russerne rykket raskt fremover og sto i slutten av juli i Warszawas \u00f8stlige forsteder. Den polske hjemmefronten s\u00e5 at tiden n\u00e5 var inne til \u00e5 gj\u00f8re oppstand bak tyskernes linjer. Oppstanden hadde to m\u00e5l: svekke tysk motstandsevne mot den fremrykkende R\u00f8de Arm\u00e9 \u2013 og \u2013 vise at polakkene kunne r\u00e5de i eget hus: Polen hadde en eksilregjering i London og de fleste hadde nok liten lyst til \u00e5 bli gjeninnlemmet i Russland. Polen ble jo formelt fri fra Russland i 1918, reelt f\u00f8rst etter den polsk-sovjetiske krig 1919- 21. Russlands anneksjon av \u00f8stre Polen etter Hitler-Stalin-pakten i 1939, og de etterf\u00f8lgende massedrap p\u00e5 offiserer og intellektuelle i Katyn-skogen, hadde vel heller ikke stimulert \u00f8nsket om \u00e5 kunne komme under sovjetisk kontroll. Det var p\u00e5 det siste punkt motstandsbevegelsen skulle ta blodig feil.<br \/>\nIkke f\u00f8r hadde oppstanden startet, s\u00e5 stoppet den sovjetiske fremrykking. Tyskerne m\u00e5 ha forst\u00e5tt dette (tips fra russerne?) for de kunne raskt omgruppere og sette inn full innsats med fly, tanks og infanteri mot polakkene. Likevel klarte de polske styrkene i Warszawa \u00e5 holde ut i 63 dager til 2. oktober. Da hadde motstandsbevegelsen mistet mer enn 48.000 soldater, herav 18.000 drept og 25.000 s\u00e5ret. Tyskerne p\u00e5 sin side mistet kanskje mer enn 26.000 mann (17.000 drept, 9.000 s\u00e5ret) men tallene varierer.<br \/>\nMilit\u00e6rt var det ogs\u00e5 viktig at de mistet 310 stridsvogner, 340 lastebiler, 22 lette kanoner og tre fly. Her m\u00e5 det bemerkes at russerne hadde flybase fem km fra fronten, men ikke ett eneste fly lettet herfra til st\u00f8tte for polakkene i 63 dagers perioden! Hitler var s\u00e5 oppbrakt over det \u201dpolske svik\u201d at han beordret Warszawas \u00f8deleggelse. Og russerne lot det skje. Systematisk ble bygninger satt i EN BESKJEDEN MEDALJE MED STOR HISTORIE Olav E. Klingenberg Warzawamedaljenbrann og sprengt \u2013 man regner med at 85 % av byen ble jevnet med jorden. I prosessen mistet vel 250.000 sivile livet (heri medregnet dem som ble drept under selve oppstanden) I tillegg ble ca 150.000 warszawere sendt i konsentrasjonsleir hvor mange d\u00f8de.<br \/>\nF\u00f8rst da tyskerne hadde \u201dryddet opp\u201d rykket den R\u00f8de Arm\u00e9 frem igjen, og resten av historien kjenner vi: Den \u00f8stlige del av Polen ble innlemmet i Sovjet i tr\u00e5d med avtalen med Hitler, den polske befolkning her ble \u201drelokalisert\u201d til tidligere Preussen \u00f8st for Oder-Neisseelvene, og Polen forble under russisk kontroll til l\u00f8srivelsen med frie valg i 1989. Medaljen ble utgitt fem \u00e5r etter det. Inntil 1989 var den offisielle versjon at frigj\u00f8ring av Polen var en ensidig sovjetisk \u00f8velse. Sp\u00f8rsm\u00e5let om den R\u00f8de Arm\u00e9s passivitet var politisk eller milit\u00e6rt begrunnet har v\u00e6rt omstridt, men da uavhengige historikere fikk tilgang til sovjetiske arkiver etter Glasnost \u2013 er det ikke lenger tvil. Stalin beordret \u201dHoldt!\u201d, og for \u00e5 v\u00e6re helt sikker p\u00e5 at arm\u00e9en ikke skulle f\u00f8lge milit\u00e6re instinkter, ble de sovjetiske styrkene n\u00e6r Warszawa nektet tilf\u00f8rsel av drivstoff og ammunisjon s\u00e5 lenge det var liv i den polske motstand i byen.1 Det b\u00f8r nevnes at de Vest-allierte (Storbritannia og Frankrike) sendte inn forsyninger med fly. Operasjonen ble likevel begrenset fordi de vestlige flyene ikke fikk lov til \u00e5 lande p\u00e5 russisk-kontrollerte flyplasser i \u00d8st.<br \/>\nN\u00e5r russerne lot nazistene uforstyrret knuse Warszawaoppstanden er det liten tvil om at dette bidro til \u00e5 berede veien for det kommende kommuniststyre. Og vi b\u00f8r ha det i minne n\u00e5r vi i dag merker en sterk polsk nerv\u00f8sitet overfor Putins politikk. Polakkene har en lang og s\u00e5r erfaring med \u00e5 ha v\u00e6rt i russisk \u201dinteressesf\u00e6re\u201d fra tsartid til nyere tid.<\/p>\n<p>&#8211; Olav E. Klingenberg<\/p>\n<div class='sfsi_Sicons' style='width: 100%; display: inline-block; vertical-align: middle; text-align:left'><div style='margin:0px 8px 0px 0px; line-height: 24px'><span>F\u00f8lg og lik! =)<\/span><\/div><div class='sfsi_socialwpr'><div class='sf_subscrbe' style='text-align:left;vertical-align: middle;float:left;width:64px'><a href=\"http:\/\/www.specificfeeds.com\/widgets\/emailSubscribeEncFeed\/bzdLMEVQczltUDF5SThnYlJHcG9jRktNMFpMTjRGN1Z0bC92QTRKc25OSHVyNnpuV29SdXVKeitQbEx4WVAyYUFvam1MTm1naHlGc28rSDd3ajBPNk1Xc2RkVVZmWVNQdVlsQTU2ZThWa3pxRTNMbGxRd0tCenA1ZTZEaW1XNlZ8VU1TSXBhcURwV2RaeGxqSjZmOStHcHVSNXVpbVMrUnRnZTdDZjBoWTYvYz0=\/OA==\/\" target=\"_blank\"><img src=\"https:\/\/www.norsknum.org\/wp-content\/plugins\/ultimate-social-media-icons\/images\/follow_subscribe.png\" \/><\/a><\/div><div class='sf_fb' style='text-align:left;vertical-align: middle;width:98px'><div class=\"fb-like\" href=\"https:\/\/www.norsknum.org\/?p=750\" width=\"180\" send=\"false\" showfaces=\"false\"  action=\"like\" data-share=\"true\"data-layout=\"button\" ><\/div><\/div><div class='sf_twiter' style='text-align:left;float:left;vertical-align: middle;width:auto'><a href=\"http:\/\/twitter.com\/share\" data-count=\"none\" class=\"sr-twitter-button twitter-share-button\" lang=\"en\" data-url=\"https:\/\/www.norsknum.org\/?p=750\" data-text=\"En beskjeden medalje med stor historie\" ><\/a><\/div><\/div><\/div>\t<\/div>\n\n\t<!--\tThis outputs the post META information -->\n\t<div class=\"entry-utility\">\n\t\t\t\t\t<span class=\"cat-links\">\n\t\t\t\t<span class=\"entry-utility-prep entry-utility-prep-cat-links\">Posted in<\/span> <a href=\"https:\/\/www.norsknum.org\/?cat=18\" rel=\"category\">Norsk Numismatisk Tidsskrift<\/a>\t\t\t<\/span>\n\t\t\t<span class=\"meta-sep\">|<\/span>\n\t\t\t\t\t\t\t<span class=\"tag-links\">\n\t\t\t\t<span class=\"entry-utility-prep entry-utility-prep-tag-links\">Tagged<\/span> <a href=\"https:\/\/www.norsknum.org\/?tag=nnt-1-2015\" rel=\"tag\">NNT 1-2015<\/a>\t\t\t<\/span>\n\t\t\t<span class=\"meta-sep\">|<\/span>\n\t\t\t\t<span class=\"comments-link\"><span>Kommentarer er skrudd av<span class=\"screen-reader-text\"> for En beskjeden medalje med stor historie<\/span><\/span><\/span>\n\t\t\t<\/div>\n<\/div>\n<!-- \/\/ Post Wrap End -->\n\n<div class='sfsi_Sicons' style='width: 100%; display: inline-block; vertical-align: middle; text-align:left'><div style='margin:0px 8px 0px 0px; line-height: 24px'><span>F\u00f8lg og lik! =)<\/span><\/div><div class='sfsi_socialwpr'><div class='sf_subscrbe' style='text-align:left;vertical-align: middle;float:left;width:64px'><a href=\"http:\/\/www.specificfeeds.com\/widgets\/emailSubscribeEncFeed\/bzdLMEVQczltUDF5SThnYlJHcG9jRktNMFpMTjRGN1Z0bC92QTRKc25OSHVyNnpuV29SdXVKeitQbEx4WVAyYUFvam1MTm1naHlGc28rSDd3ajBPNk1Xc2RkVVZmWVNQdVlsQTU2ZThWa3pxRTNMbGxRd0tCenA1ZTZEaW1XNlZ8VU1TSXBhcURwV2RaeGxqSjZmOStHcHVSNXVpbVMrUnRnZTdDZjBoWTYvYz0=\/OA==\/\" target=\"_blank\"><img src=\"https:\/\/www.norsknum.org\/wp-content\/plugins\/ultimate-social-media-icons\/images\/follow_subscribe.png\" \/><\/a><\/div><div class='sf_fb' style='text-align:left;vertical-align: middle;width:98px'><div class=\"fb-like\" href=\"https:\/\/www.norsknum.org\/?page_id=744\" width=\"180\" send=\"false\" showfaces=\"false\"  action=\"like\" data-share=\"true\"data-layout=\"button\" ><\/div><\/div><div class='sf_twiter' style='text-align:left;float:left;vertical-align: middle;width:auto'><a href=\"http:\/\/twitter.com\/share\" data-count=\"none\" class=\"sr-twitter-button twitter-share-button\" lang=\"en\" data-url=\"https:\/\/www.norsknum.org\/?page_id=744\" data-text=\"Nr. 1 2015\" ><\/a><\/div><\/div><\/div>","protected":false},"excerpt":{"rendered":"<p>F\u00f8lg og lik! =)<\/p>\n","protected":false},"author":1,"featured_media":0,"parent":57,"menu_order":0,"comment_status":"closed","ping_status":"open","template":"","meta":[],"_links":{"self":[{"href":"https:\/\/www.norsknum.org\/index.php?rest_route=\/wp\/v2\/pages\/744"}],"collection":[{"href":"https:\/\/www.norsknum.org\/index.php?rest_route=\/wp\/v2\/pages"}],"about":[{"href":"https:\/\/www.norsknum.org\/index.php?rest_route=\/wp\/v2\/types\/page"}],"author":[{"embeddable":true,"href":"https:\/\/www.norsknum.org\/index.php?rest_route=\/wp\/v2\/users\/1"}],"replies":[{"embeddable":true,"href":"https:\/\/www.norsknum.org\/index.php?rest_route=%2Fwp%2Fv2%2Fcomments&post=744"}],"version-history":[{"count":2,"href":"https:\/\/www.norsknum.org\/index.php?rest_route=\/wp\/v2\/pages\/744\/revisions"}],"predecessor-version":[{"id":2954,"href":"https:\/\/www.norsknum.org\/index.php?rest_route=\/wp\/v2\/pages\/744\/revisions\/2954"}],"up":[{"embeddable":true,"href":"https:\/\/www.norsknum.org\/index.php?rest_route=\/wp\/v2\/pages\/57"}],"wp:attachment":[{"href":"https:\/\/www.norsknum.org\/index.php?rest_route=%2Fwp%2Fv2%2Fmedia&parent=744"}],"curies":[{"name":"wp","href":"https:\/\/api.w.org\/{rel}","templated":true}]}}