{"id":780,"date":"2015-04-07T17:56:12","date_gmt":"2015-04-07T15:56:12","guid":{"rendered":"http:\/\/www.norsknum.org\/?page_id=780"},"modified":"2015-04-07T18:06:42","modified_gmt":"2015-04-07T16:06:42","slug":"auksjon-mai-2015","status":"publish","type":"page","link":"https:\/\/www.norsknum.org\/?page_id=780","title":{"rendered":"Auksjon &#8211; Mai 2015"},"content":{"rendered":"<p>Medlemmer kan sende skriftlige bud til gunnar@oslomyntgalleri.no. Bud m\u00e5 v\u00e6re innsendt senest dagen f\u00f8r auksjonen.<\/p>\n<hr \/>\n<dl class=\"dl-horizontal\">\n<dt><strong>AUKSJON N.N.F. &#8211; Tirsdag 26. Mai\u00a02015<\/strong><\/dt>\n<dt>\n<table class=\"auksjonstabell\" width=\"665\">\n<tbody>\n<tr>\n<td width=\"26\">Lot.<\/td>\n<td width=\"168\">Land<\/td>\n<td width=\"240\">Beskrivelse<\/td>\n<td width=\"82\">Ref.<\/td>\n<td width=\"38\">Kval.<\/td>\n<td width=\"37\">Utrop<\/td>\n<td width=\"74\">Hammerslag<\/td>\n<\/tr>\n<tr>\n<td>1<\/td>\n<td>Sicilia Syrakus<\/td>\n<td>Agathokles 317-289 f.Kr., \u00c622<\/td>\n<td>S.1200<\/td>\n<td>1<\/td>\n<td>150<\/td>\n<td><\/td>\n<\/tr>\n<tr>\n<td>2<\/td>\n<td>Makedonia Thessalonica<\/td>\n<td>Gordian III 238-244, \u00c624<\/td>\n<td>SNG Cop.436<\/td>\n<td>1-<\/td>\n<td>150<\/td>\n<td><\/td>\n<\/tr>\n<tr>\n<td>3<\/td>\n<td>Moesia, Marcianopolis<\/td>\n<td>Elagabal og Julis Soaemias 218-222, \u00c625<\/td>\n<td>Saml.Varb 1608<\/td>\n<td>1\/1-<\/td>\n<td>200<\/td>\n<td><\/td>\n<\/tr>\n<tr>\n<td>4<\/td>\n<td>Phoenicia, Marathos<\/td>\n<td>2.\u00e5rh.f.Kr., \u00c622<\/td>\n<td>S.6037<\/td>\n<td>1\/1-<\/td>\n<td>80<\/td>\n<td><\/td>\n<\/tr>\n<tr>\n<td>5<\/td>\n<td>Norge, Frederik IV<\/td>\n<td>2 skilling 1700<\/td>\n<td><\/td>\n<td>1+<\/td>\n<td>500<\/td>\n<td><\/td>\n<\/tr>\n<tr>\n<td>6<\/td>\n<td>&#8211; \u00a0 \u00a0 \u00a0 \u00a0 , Frederik IV<\/td>\n<td>8 skilling 1707<\/td>\n<td><\/td>\n<td>1<\/td>\n<td>350<\/td>\n<td><\/td>\n<\/tr>\n<tr>\n<td>7<\/td>\n<td>&#8211; \u00a0 \u00a0 \u00a0 \u00a0 , Christian VI<\/td>\n<td>8 skilling 1734<\/td>\n<td><\/td>\n<td>1<\/td>\n<td>600<\/td>\n<td><\/td>\n<\/tr>\n<tr>\n<td>8<\/td>\n<td>&#8211; \u00a0 \u00a0 \u00a0 \u00a0 , Frederik V<\/td>\n<td>24 skilling 1750<\/td>\n<td><\/td>\n<td>1\/1-<\/td>\n<td>500<\/td>\n<td><\/td>\n<\/tr>\n<tr>\n<td>9<\/td>\n<td>&#8211; \u00a0 \u00a0 \u00a0 \u00a0 , Christian VII<\/td>\n<td>2 skilling 1785<\/td>\n<td><\/td>\n<td>1-<\/td>\n<td>100<\/td>\n<td><\/td>\n<\/tr>\n<tr>\n<td>10<\/td>\n<td>&#8211; \u00a0 \u00a0 \u00a0 \u00a0 , Carl XIV Johan<\/td>\n<td>2 skilling 1822<\/td>\n<td><\/td>\n<td>1+<\/td>\n<td>600<\/td>\n<td><\/td>\n<\/tr>\n<tr>\n<td>11<\/td>\n<td>&#8211; \u00a0 \u00a0 \u00a0 \u00a0 , Carl XIV Johan<\/td>\n<td>24 skilling 1819<\/td>\n<td><\/td>\n<td>1+<\/td>\n<td>900<\/td>\n<td><\/td>\n<\/tr>\n<tr>\n<td>12<\/td>\n<td>&#8211;<\/td>\n<td>6 stk. kobbermynter 1876-1907<\/td>\n<td><\/td>\n<td>1+<\/td>\n<td>200<\/td>\n<td><\/td>\n<\/tr>\n<tr>\n<td>13<\/td>\n<td>&#8211;<\/td>\n<td>1 \u00f8re 1921, jern<\/td>\n<td><\/td>\n<td>1+<\/td>\n<td>150<\/td>\n<td><\/td>\n<\/tr>\n<tr>\n<td>14<\/td>\n<td>Danmark<\/td>\n<td>2 skilling 1677<\/td>\n<td><\/td>\n<td>1+<\/td>\n<td>50<\/td>\n<td><\/td>\n<\/tr>\n<tr>\n<td>15<\/td>\n<td>&#8211;<\/td>\n<td>8 skilling 1694<\/td>\n<td><\/td>\n<td>1<\/td>\n<td>50<\/td>\n<td><\/td>\n<\/tr>\n<tr>\n<td>16<\/td>\n<td>&#8211;<\/td>\n<td>12 skilling 1717<\/td>\n<td><\/td>\n<td>1<\/td>\n<td>50<\/td>\n<td><\/td>\n<\/tr>\n<tr>\n<td>17<\/td>\n<td>&#8211;<\/td>\n<td>12 skilling 1718<\/td>\n<td><\/td>\n<td>1<\/td>\n<td>50<\/td>\n<td><\/td>\n<\/tr>\n<tr>\n<td>18<\/td>\n<td>&#8211;<\/td>\n<td>24 skilling 1742<\/td>\n<td><\/td>\n<td>1+<\/td>\n<td>400<\/td>\n<td><\/td>\n<\/tr>\n<tr>\n<td>19<\/td>\n<td>&#8211;<\/td>\n<td>rigsbankdaler 1844. Sm\u00e5 kantskader<\/td>\n<td><\/td>\n<td>1\/1+<\/td>\n<td>400<\/td>\n<td><\/td>\n<\/tr>\n<tr>\n<td>20<\/td>\n<td>&#8211;<\/td>\n<td>2 kroner 1906, jubileum<\/td>\n<td><\/td>\n<td>1+<\/td>\n<td>80<\/td>\n<td><\/td>\n<\/tr>\n<tr>\n<td>21<\/td>\n<td>Sverige<\/td>\n<td>2 mark 1699<\/td>\n<td><\/td>\n<td>1\/1+<\/td>\n<td>400<\/td>\n<td><\/td>\n<\/tr>\n<tr>\n<td>22<\/td>\n<td>&#8211;<\/td>\n<td>2 mark 1708. Blankettfeil<\/td>\n<td><\/td>\n<td>1\/1-<\/td>\n<td>200<\/td>\n<td><\/td>\n<\/tr>\n<tr>\n<td>23<\/td>\n<td>&#8211;<\/td>\n<td>1 mark 1708<\/td>\n<td><\/td>\n<td>1\/1+<\/td>\n<td>300<\/td>\n<td><\/td>\n<\/tr>\n<tr>\n<td>24<\/td>\n<td>&#8211;<\/td>\n<td>1 \u00f6re 1679. Kobber<\/td>\n<td><\/td>\n<td>1-<\/td>\n<td>150<\/td>\n<td><\/td>\n<\/tr>\n<tr>\n<td>25<\/td>\n<td>&#8211;<\/td>\n<td>1\/6 riksdaler 1779<\/td>\n<td><\/td>\n<td>1+<\/td>\n<td>200<\/td>\n<td><\/td>\n<\/tr>\n<tr>\n<td>26<\/td>\n<td>&#8211;<\/td>\n<td>1\/3 riksdaler 1784<\/td>\n<td><\/td>\n<td>1+<\/td>\n<td>250<\/td>\n<td><\/td>\n<\/tr>\n<tr>\n<td>27<\/td>\n<td>England<\/td>\n<td>Edward I 1272-1307, penny, London<\/td>\n<td><\/td>\n<td>1+<\/td>\n<td>200<\/td>\n<td><\/td>\n<\/tr>\n<tr>\n<td>28<\/td>\n<td>Selz (alsace)<\/td>\n<td>anonym denier ca.1200 Bonhoff 1752<\/td>\n<td><\/td>\n<td>1+<\/td>\n<td>400<\/td>\n<td><\/td>\n<\/tr>\n<tr>\n<td>29<\/td>\n<td>Frankrike, Napoleon I<\/td>\n<td>5 francs 1811 A<\/td>\n<td>KM.694.1<\/td>\n<td>1+<\/td>\n<td>300<\/td>\n<td><\/td>\n<\/tr>\n<tr>\n<td>30<\/td>\n<td>Dorpat<\/td>\n<td>schilling u.\u00e5r (1528-1543)<\/td>\n<td><\/td>\n<td>1+<\/td>\n<td>200<\/td>\n<td><\/td>\n<\/tr>\n<tr>\n<td>31<\/td>\n<td>Danzig<\/td>\n<td>gulden 1923<\/td>\n<td><\/td>\n<td>1<\/td>\n<td>150<\/td>\n<td><\/td>\n<\/tr>\n<tr>\n<td>32<\/td>\n<td>Ulm<\/td>\n<td>schilling u.\u00e5r (etter 1423)<\/td>\n<td>Nau 7<\/td>\n<td>1-<\/td>\n<td>300<\/td>\n<td><\/td>\n<\/tr>\n<tr>\n<td>33<\/td>\n<td>Karnten<\/td>\n<td>Pfennig (1202-1256). St.Veit<\/td>\n<td>CNA.Cb16<\/td>\n<td>1+<\/td>\n<td>450<\/td>\n<td><\/td>\n<\/tr>\n<tr>\n<td>34<\/td>\n<td>\u00d8sterrike<\/td>\n<td>Pfennig (1251-1276). Wien<\/td>\n<td>Lu.77<\/td>\n<td>1+<\/td>\n<td>100<\/td>\n<td><\/td>\n<\/tr>\n<tr>\n<td>35<\/td>\n<td>Sveits<\/td>\n<td>5 francs 1922<\/td>\n<td><\/td>\n<td>0\/01<\/td>\n<td>500<\/td>\n<td><\/td>\n<\/tr>\n<tr>\n<td>36<\/td>\n<td>Tsjekkoslovakia<\/td>\n<td>10 korun 1954<\/td>\n<td>KM.40<\/td>\n<td>1<\/td>\n<td>50<\/td>\n<td><\/td>\n<\/tr>\n<tr>\n<td>37<\/td>\n<td>Reunion<\/td>\n<td>25 cent 1920<\/td>\n<td>KM.Tn3<\/td>\n<td>1+\/01<\/td>\n<td>400<\/td>\n<td><\/td>\n<\/tr>\n<tr>\n<td>38<\/td>\n<td>Iran, Muzafredin<\/td>\n<td>1\/5 toman 1901<\/td>\n<td>F.71<\/td>\n<td>1+<\/td>\n<td>200<\/td>\n<td><\/td>\n<\/tr>\n<tr>\n<td>39<\/td>\n<td>Dehli<\/td>\n<td>Balban 1266-1287, tanka<\/td>\n<td>GG.158<\/td>\n<td>1\/1+<\/td>\n<td>100<\/td>\n<td><\/td>\n<\/tr>\n<tr>\n<td>40<\/td>\n<td>Thailand<\/td>\n<td>baht 1917<\/td>\n<td>KM.39<\/td>\n<td>1<\/td>\n<td>250<\/td>\n<td><\/td>\n<\/tr>\n<tr>\n<td>41<\/td>\n<td>China<\/td>\n<td>Hui Zong 1101-1125, 10 cash<\/td>\n<td>S.630<\/td>\n<td>1+<\/td>\n<td>100<\/td>\n<td><\/td>\n<\/tr>\n<tr>\n<td>42<\/td>\n<td>&#8211;<\/td>\n<td>Hunan, 20 cash 1922<\/td>\n<td>Y.403.2<\/td>\n<td>1<\/td>\n<td>200<\/td>\n<td><\/td>\n<\/tr>\n<tr>\n<td>43<\/td>\n<td>&#8211;<\/td>\n<td>Dollar 1914. Yuan Shih Kai<\/td>\n<td>Y.329<\/td>\n<td>1+<\/td>\n<td>300<\/td>\n<td><\/td>\n<\/tr>\n<tr>\n<td>44<\/td>\n<td>&#8211;<\/td>\n<td>Dollar 1934. Sun Yat Sen<\/td>\n<td>Y.345<\/td>\n<td>0\/01<\/td>\n<td>200<\/td>\n<td><\/td>\n<\/tr>\n<tr>\n<td>45<\/td>\n<td>&#8211;<\/td>\n<td>Szechuan, dollar 1912<\/td>\n<td><\/td>\n<td>1+<\/td>\n<td>200<\/td>\n<td><\/td>\n<\/tr>\n<tr>\n<td>46<\/td>\n<td>&#8211;<\/td>\n<td>5 yuan 1986<\/td>\n<td>KM.152<\/td>\n<td>0<\/td>\n<td>200<\/td>\n<td><\/td>\n<\/tr>\n<tr>\n<td>47<\/td>\n<td>Hong Kong<\/td>\n<td>20 cents 1895<\/td>\n<td><\/td>\n<td>1+<\/td>\n<td>60<\/td>\n<td><\/td>\n<\/tr>\n<tr>\n<td>48<\/td>\n<td>Mexico<\/td>\n<td>peso 1938, 5 peso 1948<\/td>\n<td><\/td>\n<td>1<\/td>\n<td>100<\/td>\n<td><\/td>\n<\/tr>\n<tr>\n<td>49<\/td>\n<td>&#8211;<\/td>\n<td>8 reales 1820<\/td>\n<td><\/td>\n<td>1\/1+<\/td>\n<td>200<\/td>\n<td><\/td>\n<\/tr>\n<tr>\n<td>50<\/td>\n<td>Guatemala<\/td>\n<td>peso 1859<\/td>\n<td><\/td>\n<td>1<\/td>\n<td>300<\/td>\n<td><\/td>\n<\/tr>\n<\/tbody>\n<\/table>\n<\/dt>\n<dt><\/dt>\n<\/dl>\n<div class='sfsi_Sicons' style='width: 100%; display: inline-block; vertical-align: middle; text-align:left'><div style='margin:0px 8px 0px 0px; line-height: 24px'><span>F\u00f8lg og lik! =)<\/span><\/div><div class='sfsi_socialwpr'><div class='sf_subscrbe' style='text-align:left;vertical-align: middle;float:left;width:64px'><a href=\"http:\/\/www.specificfeeds.com\/widgets\/emailSubscribeEncFeed\/bzdLMEVQczltUDF5SThnYlJHcG9jRktNMFpMTjRGN1Z0bC92QTRKc25OSHVyNnpuV29SdXVKeitQbEx4WVAyYUFvam1MTm1naHlGc28rSDd3ajBPNk1Xc2RkVVZmWVNQdVlsQTU2ZThWa3pxRTNMbGxRd0tCenA1ZTZEaW1XNlZ8VU1TSXBhcURwV2RaeGxqSjZmOStHcHVSNXVpbVMrUnRnZTdDZjBoWTYvYz0=\/OA==\/\" target=\"_blank\"><img src=\"https:\/\/www.norsknum.org\/wp-content\/plugins\/ultimate-social-media-icons\/images\/follow_subscribe.png\" \/><\/a><\/div><div class='sf_fb' style='text-align:left;vertical-align: middle;width:98px'><div class=\"fb-like\" href=\"https:\/\/www.norsknum.org\/?page_id=780\" width=\"180\" send=\"false\" showfaces=\"false\"  action=\"like\" data-share=\"true\"data-layout=\"button\" ><\/div><\/div><div class='sf_twiter' style='text-align:left;float:left;vertical-align: middle;width:auto'><a href=\"http:\/\/twitter.com\/share\" data-count=\"none\" class=\"sr-twitter-button twitter-share-button\" lang=\"en\" data-url=\"https:\/\/www.norsknum.org\/?page_id=780\" data-text=\"Auksjon &#8211; Mai 2015\" ><\/a><\/div><\/div><\/div>","protected":false},"excerpt":{"rendered":"<p>Medlemmer kan sende skriftlige bud til gunnar@oslomyntgalleri.no. Bud m\u00e5 v\u00e6re innsendt senest dagen f\u00f8r auksjonen. AUKSJON N.N.F. &#8211; Tirsdag 26. Mai\u00a02015 Lot. Land Beskrivelse Ref. Kval. Utrop Hammerslag 1 Sicilia Syrakus Agathokles 317-289 f.Kr., \u00c622 S.1200 1 150 2 Makedonia&hellip; <\/p>\n","protected":false},"author":1,"featured_media":0,"parent":42,"menu_order":0,"comment_status":"closed","ping_status":"open","template":"","meta":[],"_links":{"self":[{"href":"https:\/\/www.norsknum.org\/index.php?rest_route=\/wp\/v2\/pages\/780"}],"collection":[{"href":"https:\/\/www.norsknum.org\/index.php?rest_route=\/wp\/v2\/pages"}],"about":[{"href":"https:\/\/www.norsknum.org\/index.php?rest_route=\/wp\/v2\/types\/page"}],"author":[{"embeddable":true,"href":"https:\/\/www.norsknum.org\/index.php?rest_route=\/wp\/v2\/users\/1"}],"replies":[{"embeddable":true,"href":"https:\/\/www.norsknum.org\/index.php?rest_route=%2Fwp%2Fv2%2Fcomments&post=780"}],"version-history":[{"count":5,"href":"https:\/\/www.norsknum.org\/index.php?rest_route=\/wp\/v2\/pages\/780\/revisions"}],"predecessor-version":[{"id":789,"href":"https:\/\/www.norsknum.org\/index.php?rest_route=\/wp\/v2\/pages\/780\/revisions\/789"}],"up":[{"embeddable":true,"href":"https:\/\/www.norsknum.org\/index.php?rest_route=\/wp\/v2\/pages\/42"}],"wp:attachment":[{"href":"https:\/\/www.norsknum.org\/index.php?rest_route=%2Fwp%2Fv2%2Fmedia&parent=780"}],"curies":[{"name":"wp","href":"https:\/\/api.w.org\/{rel}","templated":true}]}}