{"id":953,"date":"2016-02-17T08:42:39","date_gmt":"2016-02-17T07:42:39","guid":{"rendered":"http:\/\/www.norsknum.org\/?page_id=953"},"modified":"2016-02-17T08:42:39","modified_gmt":"2016-02-17T07:42:39","slug":"auksjon-februar-2016","status":"publish","type":"page","link":"https:\/\/www.norsknum.org\/?page_id=953","title":{"rendered":"Auksjon Februar 2016"},"content":{"rendered":"<p>Medlemmer kan sende skriftlige bud til gunnar@oslomyntgalleri.no. Bud m\u00e5 v\u00e6re innsendt senest dagen f\u00f8r auksjonen.<\/p>\n<hr \/>\n<dl class=\"dl-horizontal\">\n<dt><\/dt>\n<dt><strong>AUKSJON N.N.F. &#8211; Tirsdag 23. Februar ff2016<br \/>\n<\/strong><\/dt>\n<\/dl>\n<table class=\"auksjonstabell\">\n<tbody>\n<tr>\n<td width=\"80\">Lot.<\/td>\n<td width=\"80\">Land<\/td>\n<td width=\"80\">Beskrivelse<\/td>\n<td width=\"80\">Ref.<\/td>\n<td width=\"80\">Kval.<\/td>\n<td width=\"80\">Utrop<\/td>\n<td width=\"80\">Hammerslag<\/td>\n<\/tr>\n<tr>\n<td>1<\/td>\n<td>Spania<\/td>\n<td>Carthago Nova, Caligula 37-41, \u00c627<\/td>\n<td>S.419<\/td>\n<td>1\/1+<\/td>\n<td>600<\/td>\n<td><\/td>\n<\/tr>\n<tr>\n<td>2<\/td>\n<td>Thrakia<\/td>\n<td>Mesembria, 3.-2.\u00e5rh. f.Kr., \u00c620<\/td>\n<td>S.1676<\/td>\n<td>1<\/td>\n<td>120<\/td>\n<td><\/td>\n<\/tr>\n<tr>\n<td>3<\/td>\n<td>Thrakia<\/td>\n<td>Serdica, Caracalla 198-217, \u00c629<\/td>\n<td>Varb.2326<\/td>\n<td>var. 1<\/td>\n<td>300<\/td>\n<td><\/td>\n<\/tr>\n<tr>\n<td>4<\/td>\n<td>Thrakia<\/td>\n<td>Thasos, etter 148 f.Kr., tetradrachme<\/td>\n<td>S.1759<\/td>\n<td>1-<\/td>\n<td>400<\/td>\n<td><\/td>\n<\/tr>\n<tr>\n<td>5<\/td>\n<td>Parthia<\/td>\n<td>Artabanos II ca.10-40 e.Kr., drachme<\/td>\n<td>S.5776<\/td>\n<td>1\/1+<\/td>\n<td>200<\/td>\n<td><\/td>\n<\/tr>\n<tr>\n<td>6<\/td>\n<td>Egypt<\/td>\n<td>Ptolemaeus II 285-246 f.Kr., \u00c642<\/td>\n<td>S.7783<\/td>\n<td>1\/1+<\/td>\n<td>300<\/td>\n<td><\/td>\n<\/tr>\n<tr>\n<td>7<\/td>\n<td>Egypt<\/td>\n<td>Ptolemaeus IV 221-204 f.Kr., \u00c635<\/td>\n<td>S.7844<\/td>\n<td>1<\/td>\n<td>150<\/td>\n<td><\/td>\n<\/tr>\n<tr>\n<td>8<\/td>\n<td>Alexandria<\/td>\n<td colspan=\"2\">iocletian 284-305, lot 3 stk. tetradrachmer<\/td>\n<td>1-<\/td>\n<td>100<\/td>\n<td><\/td>\n<\/tr>\n<tr>\n<td>9<\/td>\n<td>Alexandria<\/td>\n<td>Nero 54-68, tetradrachme<\/td>\n<td>S.633<\/td>\n<td>1<\/td>\n<td>100<\/td>\n<td><\/td>\n<\/tr>\n<tr>\n<td>10<\/td>\n<td>Rom<\/td>\n<td>Agrippa d.12 f.Kr., \u00c6 as<\/td>\n<td>S.556<\/td>\n<td>1-<\/td>\n<td>100<\/td>\n<td><\/td>\n<\/tr>\n<tr>\n<td>11<\/td>\n<td>Rom<\/td>\n<td>Domitian 81-96, denar<\/td>\n<td>S.897<\/td>\n<td>1<\/td>\n<td>200<\/td>\n<td><\/td>\n<\/tr>\n<tr>\n<td>12<\/td>\n<td>Rom<\/td>\n<td>Maximinus I 235-238, \u00c6 sesterts<\/td>\n<td>S.2357<\/td>\n<td>1-<\/td>\n<td>100<\/td>\n<td><\/td>\n<\/tr>\n<tr>\n<td>13<\/td>\n<td>Rom<\/td>\n<td>Constantin I 307-337, \u00c64<\/td>\n<td>S.3901\/17548<\/td>\n<td>1+<\/td>\n<td>150<\/td>\n<td><\/td>\n<\/tr>\n<tr>\n<td>14<\/td>\n<td>Rom<\/td>\n<td>Constantin II 337-340, \u00c63<\/td>\n<td>S.3951\/17343<\/td>\n<td>1+<\/td>\n<td>50<\/td>\n<td><\/td>\n<\/tr>\n<tr>\n<td>15<\/td>\n<td>Rom<\/td>\n<td>Julian II 360-363, \u00c63<\/td>\n<td>S.19181<\/td>\n<td>1+<\/td>\n<td>75<\/td>\n<td><\/td>\n<\/tr>\n<tr>\n<td>16<\/td>\n<td>Bysants<\/td>\n<td>Constans II 641-668, \u00c6 \u00bd follis<\/td>\n<td>S.1019<\/td>\n<td>1\/1+<\/td>\n<td>75<\/td>\n<td><\/td>\n<\/tr>\n<tr>\n<td>17<\/td>\n<td>Bysants<\/td>\n<td>Constantin VII og Romanus I 920-944, \u00c6 follis<\/td>\n<td>S.1762<\/td>\n<td>1\/1+<\/td>\n<td>75<\/td>\n<td><\/td>\n<\/tr>\n<tr>\n<td>18<\/td>\n<td>Norge<\/td>\n<td>Christian VII, \u00bd speciedaler 1777<\/td>\n<td>NMD.19<\/td>\n<td>1\/1-<\/td>\n<td>1500<\/td>\n<td><\/td>\n<\/tr>\n<tr>\n<td>19<\/td>\n<td>Norge<\/td>\n<td colspan=\"2\">2 \u00f8re 1877, 1 \u00f8re 1876, 1884 (3)<\/td>\n<td>1, 1+<\/td>\n<td>100<\/td>\n<td><\/td>\n<\/tr>\n<tr>\n<td>20<\/td>\n<td>Norge<\/td>\n<td>10 \u00f8re 1899<\/td>\n<td><\/td>\n<td>1\/1+<\/td>\n<td>80<\/td>\n<td><\/td>\n<\/tr>\n<tr>\n<td>21<\/td>\n<td>Norge<\/td>\n<td colspan=\"2\">10 \u00f8re 1911, 1913, 1914, 1915 og 1917 (5 stk.)<\/td>\n<td>1\/1+<\/td>\n<td>200<\/td>\n<td><\/td>\n<\/tr>\n<tr>\n<td>22<\/td>\n<td>Danmark<\/td>\n<td colspan=\"2\">1 skilling 1722<\/td>\n<td>1\/1+<\/td>\n<td>80<\/td>\n<td><\/td>\n<\/tr>\n<tr>\n<td>23<\/td>\n<td>Norge<\/td>\n<td>Christian V, 2 skilling 1689<\/td>\n<td>NMD.232<\/td>\n<td>1-<\/td>\n<td>400<\/td>\n<td><\/td>\n<\/tr>\n<tr>\n<td>24<\/td>\n<td>Danmark m.v.<\/td>\n<td colspan=\"2\">lot 39 stk. poletter<\/td>\n<td>VK<\/td>\n<td>150<\/td>\n<td><\/td>\n<\/tr>\n<tr>\n<td>25<\/td>\n<td>Danmark m.v.<\/td>\n<td colspan=\"2\">lot 16 stk. medaljer og poletter<\/td>\n<td>VK<\/td>\n<td>150<\/td>\n<td><\/td>\n<\/tr>\n<tr>\n<td>26<\/td>\n<td>Sverige<\/td>\n<td colspan=\"2\">medalje s\u00f8lv. 1894. 39 mm. Gustav II Adolf 300 \u00e5r<\/td>\n<td>1+\/01<\/td>\n<td>200<\/td>\n<td><\/td>\n<\/tr>\n<tr>\n<td>27<\/td>\n<td>England<\/td>\n<td>Edward I 1272-1307, penny. Buklet<\/td>\n<td>S.138<\/td>\n<td>1<\/td>\n<td>150<\/td>\n<td><\/td>\n<\/tr>\n<tr>\n<td>28<\/td>\n<td>England<\/td>\n<td>Edward I 1272-1307, penny. Buklet<\/td>\n<td>S.1410<\/td>\n<td>1<\/td>\n<td>100<\/td>\n<td><\/td>\n<\/tr>\n<tr>\n<td>29<\/td>\n<td>Russland<\/td>\n<td>Vasili Ivanovich 1606-1610, kopek<\/td>\n<td>Sp.81\/15<\/td>\n<td>1\/1+<\/td>\n<td>200<\/td>\n<td><\/td>\n<\/tr>\n<tr>\n<td>30<\/td>\n<td>Russland<\/td>\n<td>Feodor Alexievich 1676-1682, kopek<\/td>\n<td>Sp.98\/2<\/td>\n<td>1+<\/td>\n<td>200<\/td>\n<td><\/td>\n<\/tr>\n<tr>\n<td>31<\/td>\n<td>Russland<\/td>\n<td>Ivan Alexievich 1682-1686, kopek<\/td>\n<td>Sp.98\/3<\/td>\n<td>1+<\/td>\n<td>150<\/td>\n<td><\/td>\n<\/tr>\n<tr>\n<td>32<\/td>\n<td>Russland<\/td>\n<td colspan=\"2\">Catharina II, polupoltinnik 1792<\/td>\n<td>1\/1+<\/td>\n<td>250<\/td>\n<td><\/td>\n<\/tr>\n<tr>\n<td>33<\/td>\n<td>Russland<\/td>\n<td colspan=\"2\">Paul I, denga 1798 EM, kopek 1800 EM<\/td>\n<td>1+<\/td>\n<td>100<\/td>\n<td><\/td>\n<\/tr>\n<tr>\n<td>34<\/td>\n<td>Russland<\/td>\n<td colspan=\"2\">Nikolai I, 10 kopek kobber 1833<\/td>\n<td>1+<\/td>\n<td>300<\/td>\n<td><\/td>\n<\/tr>\n<tr>\n<td>35<\/td>\n<td>Russland<\/td>\n<td colspan=\"2\">Nikolai I, 3 kopek 1840<\/td>\n<td>1\/1+<\/td>\n<td>100<\/td>\n<td><\/td>\n<\/tr>\n<tr>\n<td>36<\/td>\n<td>Russland<\/td>\n<td colspan=\"2\">Alexander II, rubel 1878. Riper<\/td>\n<td>1+<\/td>\n<td>250<\/td>\n<td><\/td>\n<\/tr>\n<tr>\n<td>37<\/td>\n<td>Sovjet<\/td>\n<td>rubel 1924<\/td>\n<td><\/td>\n<td>1+<\/td>\n<td>300<\/td>\n<td><\/td>\n<\/tr>\n<tr>\n<td>38<\/td>\n<td>Pfalz<\/td>\n<td colspan=\"2\">medalje s\u00f8lv 39 mm 1758. Ludwig II (Schaffer)<\/td>\n<td>1+\/01<\/td>\n<td>300<\/td>\n<td><\/td>\n<\/tr>\n<tr>\n<td>39<\/td>\n<td>Pfalz<\/td>\n<td colspan=\"2\">medalje s\u00f8lv 39 mm 1758 Johann (Schaffer)<\/td>\n<td>1+\/01<\/td>\n<td>300<\/td>\n<td><\/td>\n<\/tr>\n<tr>\n<td>40<\/td>\n<td>Belgia<\/td>\n<td colspan=\"2\">10 euro 2007. Romatraktat. Etui<\/td>\n<td>Proof<\/td>\n<td>150<\/td>\n<td><\/td>\n<\/tr>\n<tr>\n<td>41<\/td>\n<td>Kirkestaten<\/td>\n<td>4 soldi 1866<\/td>\n<td><\/td>\n<td>1+\/01<\/td>\n<td>100<\/td>\n<td><\/td>\n<\/tr>\n<tr>\n<td>42<\/td>\n<td>India<\/td>\n<td>Dehli, Balban 1266-1287, tanka<\/td>\n<td>GG.158<\/td>\n<td>1+<\/td>\n<td>100<\/td>\n<td><\/td>\n<\/tr>\n<tr>\n<td>43<\/td>\n<td>Mogul India<\/td>\n<td>Farnekhsigar, rupee 1129\/6 (1717)<\/td>\n<td>KM.377.5<\/td>\n<td>1+<\/td>\n<td>150<\/td>\n<td><\/td>\n<\/tr>\n<tr>\n<td>44<\/td>\n<td>China<\/td>\n<td>Tartar West Hsia dyn. Cash 982-1227<\/td>\n<td>S.1078<\/td>\n<td>1+<\/td>\n<td>150<\/td>\n<td><\/td>\n<\/tr>\n<tr>\n<td>45<\/td>\n<td>China<\/td>\n<td>Tang dyn. Lot 2 stk. Cash 841-846<\/td>\n<td>S.370, 393<\/td>\n<td>1<\/td>\n<td>100<\/td>\n<td><\/td>\n<\/tr>\n<tr>\n<td>46<\/td>\n<td>China<\/td>\n<td colspan=\"2\">Samling 16.stk. cash, Ming dyn.(12) og oppr\u00f8r (4). 1368-1644<\/td>\n<td>VK<\/td>\n<td>800<\/td>\n<td><\/td>\n<\/tr>\n<tr>\n<td>47<\/td>\n<td>China<\/td>\n<td colspan=\"2\">Shih Tsu 1644-1661, lot 14 stk.<\/td>\n<td>VK<\/td>\n<td>150<\/td>\n<td><\/td>\n<\/tr>\n<tr>\n<td>48<\/td>\n<td>Annam<\/td>\n<td colspan=\"2\">samling 39 stk. cash mynt<\/td>\n<td>VK<\/td>\n<td>900<\/td>\n<td><\/td>\n<\/tr>\n<tr>\n<td>49<\/td>\n<td>U.S.A.<\/td>\n<td>5 cent 1883<\/td>\n<td>KM.97<\/td>\n<td>1+<\/td>\n<td>250<\/td>\n<td><\/td>\n<\/tr>\n<tr>\n<td>50<\/td>\n<td>U.S.A.<\/td>\n<td colspan=\"2\">dollar 1994. Prisoner of Was. Etui<\/td>\n<td>Proof<\/td>\n<td>100<\/td>\n<td><\/td>\n<\/tr>\n<\/tbody>\n<\/table>\n<div class='sfsi_Sicons' style='width: 100%; display: inline-block; vertical-align: middle; text-align:left'><div style='margin:0px 8px 0px 0px; line-height: 24px'><span>F\u00f8lg og lik! =)<\/span><\/div><div class='sfsi_socialwpr'><div class='sf_subscrbe' style='text-align:left;vertical-align: middle;float:left;width:64px'><a href=\"http:\/\/www.specificfeeds.com\/widgets\/emailSubscribeEncFeed\/bzdLMEVQczltUDF5SThnYlJHcG9jRktNMFpMTjRGN1Z0bC92QTRKc25OSHVyNnpuV29SdXVKeitQbEx4WVAyYUFvam1MTm1naHlGc28rSDd3ajBPNk1Xc2RkVVZmWVNQdVlsQTU2ZThWa3pxRTNMbGxRd0tCenA1ZTZEaW1XNlZ8VU1TSXBhcURwV2RaeGxqSjZmOStHcHVSNXVpbVMrUnRnZTdDZjBoWTYvYz0=\/OA==\/\" target=\"_blank\"><img src=\"https:\/\/www.norsknum.org\/wp-content\/plugins\/ultimate-social-media-icons\/images\/follow_subscribe.png\" \/><\/a><\/div><div class='sf_fb' style='text-align:left;vertical-align: middle;width:98px'><div class=\"fb-like\" href=\"https:\/\/www.norsknum.org\/?page_id=953\" width=\"180\" send=\"false\" showfaces=\"false\"  action=\"like\" data-share=\"true\"data-layout=\"button\" ><\/div><\/div><div class='sf_twiter' style='text-align:left;float:left;vertical-align: middle;width:auto'><a href=\"http:\/\/twitter.com\/share\" data-count=\"none\" class=\"sr-twitter-button twitter-share-button\" lang=\"en\" data-url=\"https:\/\/www.norsknum.org\/?page_id=953\" data-text=\"Auksjon Februar 2016\" ><\/a><\/div><\/div><\/div>","protected":false},"excerpt":{"rendered":"<p>Medlemmer kan sende skriftlige bud til gunnar@oslomyntgalleri.no. Bud m\u00e5 v\u00e6re innsendt senest dagen f\u00f8r auksjonen. AUKSJON N.N.F. &#8211; Tirsdag 23. Februar ff2016 Lot. Land Beskrivelse Ref. Kval. Utrop Hammerslag 1 Spania Carthago Nova, Caligula 37-41, \u00c627 S.419 1\/1+ 600 2&hellip; <\/p>\n","protected":false},"author":1,"featured_media":0,"parent":42,"menu_order":0,"comment_status":"closed","ping_status":"open","template":"","meta":[],"_links":{"self":[{"href":"https:\/\/www.norsknum.org\/index.php?rest_route=\/wp\/v2\/pages\/953"}],"collection":[{"href":"https:\/\/www.norsknum.org\/index.php?rest_route=\/wp\/v2\/pages"}],"about":[{"href":"https:\/\/www.norsknum.org\/index.php?rest_route=\/wp\/v2\/types\/page"}],"author":[{"embeddable":true,"href":"https:\/\/www.norsknum.org\/index.php?rest_route=\/wp\/v2\/users\/1"}],"replies":[{"embeddable":true,"href":"https:\/\/www.norsknum.org\/index.php?rest_route=%2Fwp%2Fv2%2Fcomments&post=953"}],"version-history":[{"count":1,"href":"https:\/\/www.norsknum.org\/index.php?rest_route=\/wp\/v2\/pages\/953\/revisions"}],"predecessor-version":[{"id":954,"href":"https:\/\/www.norsknum.org\/index.php?rest_route=\/wp\/v2\/pages\/953\/revisions\/954"}],"up":[{"embeddable":true,"href":"https:\/\/www.norsknum.org\/index.php?rest_route=\/wp\/v2\/pages\/42"}],"wp:attachment":[{"href":"https:\/\/www.norsknum.org\/index.php?rest_route=%2Fwp%2Fv2%2Fmedia&parent=953"}],"curies":[{"name":"wp","href":"https:\/\/api.w.org\/{rel}","templated":true}]}}